{"id":956,"date":"2018-07-03T12:57:37","date_gmt":"2018-07-03T15:57:37","guid":{"rendered":"https:\/\/ealujan-bue.infd.edu.ar\/sitio\/dificil-cobertura\/"},"modified":"2026-02-10T19:08:24","modified_gmt":"2026-02-10T22:08:24","slug":"dificil-cobertura","status":"publish","type":"page","link":"https:\/\/ealujan-bue.infd.edu.ar\/sitio\/dificil-cobertura\/","title":{"rendered":"COBERTURA DE M\u00d3DULOS Y\/O CARGOS"},"content":{"rendered":"<p class=\"x_MsoNormal\">La Direcci\u00f3n de Educaci\u00f3n Art\u00edstica comunica que a partir de enero 2026 la cobertura de m\u00f3dulos y\/o cargos dependientes de esta direcci\u00f3n se realizar\u00e1n bajo la Res. 6179\/25, derogando todas las Resoluciones y Disposiciones anteriores.<\/p>\n<p class=\"x_MsoNormal\">Saludos cordiales: Equipo de conducci\u00f3n.<\/p>\n<p>Disposici\u00f3n <a href=\"https:\/\/drive.google.com\/file\/d\/1621Go0Cf35m326irTEm2nMlNRQPW-ZPi\/view?usp=sharing\">6179\/2025<\/a><\/p>\n\n\n<p><\/p>\n","protected":false},"excerpt":{"rendered":"<p>La Direcci\u00f3n de Educaci\u00f3n Art\u00edstica comunica que a partir de enero 2026 la cobertura de m\u00f3dulos y\/o cargos dependientes de esta direcci\u00f3n se realizar\u00e1n bajo la Res. 6179\/25, derogando todas las Resoluciones y Disposiciones anteriores. Saludos cordiales: Equipo de conducci\u00f3n. Disposici\u00f3n 6179\/2025<\/p>\n","protected":false},"author":337,"featured_media":0,"parent":0,"menu_order":0,"comment_status":"closed","ping_status":"closed","template":"","meta":[],"acf":[],"_links":{"self":[{"href":"https:\/\/ealujan-bue.infd.edu.ar\/sitio\/wp-json\/wp\/v2\/pages\/956"}],"collection":[{"href":"https:\/\/ealujan-bue.infd.edu.ar\/sitio\/wp-json\/wp\/v2\/pages"}],"about":[{"href":"https:\/\/ealujan-bue.infd.edu.ar\/sitio\/wp-json\/wp\/v2\/types\/page"}],"author":[{"embeddable":true,"href":"https:\/\/ealujan-bue.infd.edu.ar\/sitio\/wp-json\/wp\/v2\/users\/337"}],"replies":[{"embeddable":true,"href":"https:\/\/ealujan-bue.infd.edu.ar\/sitio\/wp-json\/wp\/v2\/comments?post=956"}],"version-history":[{"count":10,"href":"https:\/\/ealujan-bue.infd.edu.ar\/sitio\/wp-json\/wp\/v2\/pages\/956\/revisions"}],"predecessor-version":[{"id":6496,"href":"https:\/\/ealujan-bue.infd.edu.ar\/sitio\/wp-json\/wp\/v2\/pages\/956\/revisions\/6496"}],"wp:attachment":[{"href":"https:\/\/ealujan-bue.infd.edu.ar\/sitio\/wp-json\/wp\/v2\/media?parent=956"}],"curies":[{"name":"wp","href":"https:\/\/api.w.org\/{rel}","templated":true}]}}