{"id":930,"date":"2018-07-03T12:57:28","date_gmt":"2018-07-03T15:57:28","guid":{"rendered":"https:\/\/ealujan-bue.infd.edu.ar\/sitio\/requisitos-de-ingreso\/"},"modified":"2025-10-30T16:09:59","modified_gmt":"2025-10-30T19:09:59","slug":"requisitos-de-ingreso","status":"publish","type":"page","link":"https:\/\/ealujan-bue.infd.edu.ar\/sitio\/requisitos-de-ingreso\/","title":{"rendered":"Una vez que realizaste la pre-inscripci\u00f3n  para Formaci\u00f3n B\u00e1sica de M\u00fasica Popular se debe confirmar la vacante y traer los siguientes documentos:"},"content":{"rendered":"<ul>\n<li><span style=\"font-family: trebuchet ms,geneva;\"><span style=\"font-size: 10pt;\"><span style=\"color: #339966;\">Una carpeta legajo color verde<\/span><\/span><\/span><\/li>\n<li><a href=\"https:\/\/ealujan-bue.infd.edu.ar\/sitio\/wp-content\/uploads\/2025\/10\/PLANILLA-INSCRIPCION-FOBA-MUSICA-2026.pdf\">Formulario de Inscripci\u00f3n Foba I M\u00fasica (Descargar aqui)<\/a><\/li>\n<li><span style=\"font-family: trebuchet ms,geneva;\"><span style=\"font-size: 10pt;\"><span style=\"color: #333333;\">Fotocopia de DNI<\/span><\/span><\/span><\/li>\n<li><span style=\"font-family: trebuchet ms,geneva;\"><span style=\"font-size: 10pt;\"><span style=\"color: #333333;\">Fotocopia de titulo secundario o certificado si est\u00e1s cursando.<\/span><\/span><\/span><\/li>\n<li><span style=\"font-family: trebuchet ms,geneva;\"><span style=\"font-size: 10pt;\"><span style=\"color: #333333;\">2 fotos carnet<\/span><\/span><\/span><\/li>\n<li><span style=\"font-family: 'trebuchet ms', geneva; color: #000000;\"><span style=\"font-size: 10pt;\">Certificado Psicof\u00ecsico <a href=\"https:\/\/ealujan-bue.infd.edu.ar\/sitio\/wp-content\/uploads\/2025\/09\/Psicofisicocarrerashoja1.pdf\">pagina 1<\/a> y <a href=\"https:\/\/ealujan-bue.infd.edu.ar\/sitio\/wp-content\/uploads\/2025\/09\/Psicofisicocarrerashoja2.pdf\">pagina 2<\/a> ( descargar aqui)<\/span><\/span><\/li>\n<li><span style=\"font-family: 'trebuchet ms', geneva; color: #000000;\"><span style=\"font-size: 10pt;\"><a href=\"https:\/\/ealujan-bue.infd.edu.ar\/sitio\/wp-content\/uploads\/2025\/09\/Ficha-Foniatrica.pdf\">Ficha Foniatrica<\/a> (Descargar aqui)&nbsp;<\/span><\/span><\/li>\n<li><span style=\"font-family: trebuchet ms,geneva;\"><span style=\"font-size: 10pt;\"><span style=\"color: #333333;\">Antitetanica<\/span><\/span><\/span><\/li>\n<li>Certificado de Nacimiento<\/li>\n<\/ul>\n<p style=\"text-align: right;\"><span style=\"font-family: trebuchet ms,geneva;\"><span style=\"font-size: 10pt;\"><span style=\"color: #333333;\">Te esperamos<\/span><\/span><\/span><\/p>\n","protected":false},"excerpt":{"rendered":"<p>Una carpeta legajo color verde Formulario de Inscripci\u00f3n Foba I M\u00fasica (Descargar aqui) Fotocopia de DNI Fotocopia de titulo secundario o certificado si est\u00e1s cursando. 2 fotos carnet Certificado Psicof\u00ecsico pagina 1 y pagina 2 ( descargar aqui) Ficha Foniatrica (Descargar aqui)&nbsp; Antitetanica Certificado de Nacimiento Te esperamos<\/p>\n","protected":false},"author":337,"featured_media":0,"parent":0,"menu_order":0,"comment_status":"closed","ping_status":"closed","template":"","meta":[],"acf":[],"_links":{"self":[{"href":"https:\/\/ealujan-bue.infd.edu.ar\/sitio\/wp-json\/wp\/v2\/pages\/930"}],"collection":[{"href":"https:\/\/ealujan-bue.infd.edu.ar\/sitio\/wp-json\/wp\/v2\/pages"}],"about":[{"href":"https:\/\/ealujan-bue.infd.edu.ar\/sitio\/wp-json\/wp\/v2\/types\/page"}],"author":[{"embeddable":true,"href":"https:\/\/ealujan-bue.infd.edu.ar\/sitio\/wp-json\/wp\/v2\/users\/337"}],"replies":[{"embeddable":true,"href":"https:\/\/ealujan-bue.infd.edu.ar\/sitio\/wp-json\/wp\/v2\/comments?post=930"}],"version-history":[{"count":77,"href":"https:\/\/ealujan-bue.infd.edu.ar\/sitio\/wp-json\/wp\/v2\/pages\/930\/revisions"}],"predecessor-version":[{"id":6118,"href":"https:\/\/ealujan-bue.infd.edu.ar\/sitio\/wp-json\/wp\/v2\/pages\/930\/revisions\/6118"}],"wp:attachment":[{"href":"https:\/\/ealujan-bue.infd.edu.ar\/sitio\/wp-json\/wp\/v2\/media?parent=930"}],"curies":[{"name":"wp","href":"https:\/\/api.w.org\/{rel}","templated":true}]}}