{"id":4505,"date":"2023-11-30T13:08:57","date_gmt":"2023-11-30T16:08:57","guid":{"rendered":"https:\/\/ealujan-bue.infd.edu.ar\/sitio\/?page_id=4505"},"modified":"2023-11-30T13:12:00","modified_gmt":"2023-11-30T16:12:00","slug":"estructura-curricular-pmp","status":"publish","type":"page","link":"https:\/\/ealujan-bue.infd.edu.ar\/sitio\/estructura-curricular-pmp\/","title":{"rendered":"ESTRUCTURA CURRICULAR PMP"},"content":{"rendered":"\n<p class=\"has-text-align-center\">ANEXO IV<strong><br><br><\/strong>Profesorado de INSTRUMENTO EN M\u00daSICA POPULAR<br>Resoluci\u00f3n N\u00ba 13234\/99<br><br>PROFESORADO EN M\u00daSICA<strong><br>(Orientaci\u00f3n INSTRUMENTO \u2013 CANTO en M\u00daSICA POPULAR)<br><br><\/strong>DURACI\u00d3N<strong><br>CUATRO (4) A\u00d1OS<br>REQUISITOS DE INGRESO<br>NIVEL MEDIO O POLIMODAL COMPLETO<br>FORMACI\u00d3N B\u00c1SICA EN M\u00daSICA POPULAR COMPLETO<\/strong><\/p>\n\n\n\n<p class=\"has-text-align-center\">T\u00cdTULO<strong><br>Profesor en M\u00fasica (Orientaci\u00f3n Instrumento \u2013 Canto (M\u00fasica Popular)<\/strong><\/p>\n\n\n\n<figure class=\"wp-block-image size-full is-resized\"><img decoding=\"async\" loading=\"lazy\" src=\"https:\/\/ealujan-bue.infd.edu.ar\/sitio\/wp-content\/uploads\/2023\/11\/ESTRUCTURA-1.jpg\" alt=\"\" class=\"wp-image-4506\" width=\"873\" height=\"438\" srcset=\"https:\/\/ealujan-bue.infd.edu.ar\/sitio\/wp-content\/uploads\/2023\/11\/ESTRUCTURA-1.jpg 783w, https:\/\/ealujan-bue.infd.edu.ar\/sitio\/wp-content\/uploads\/2023\/11\/ESTRUCTURA-1-768x385.jpg 768w\" sizes=\"(max-width: 873px) 100vw, 873px\" \/><\/figure>\n\n\n\n<figure class=\"wp-block-image size-full is-resized\"><img decoding=\"async\" loading=\"lazy\" src=\"https:\/\/ealujan-bue.infd.edu.ar\/sitio\/wp-content\/uploads\/2023\/11\/ESTRUCTURA-2.jpg\" alt=\"\" class=\"wp-image-4507\" width=\"915\" height=\"459\" srcset=\"https:\/\/ealujan-bue.infd.edu.ar\/sitio\/wp-content\/uploads\/2023\/11\/ESTRUCTURA-2.jpg 783w, https:\/\/ealujan-bue.infd.edu.ar\/sitio\/wp-content\/uploads\/2023\/11\/ESTRUCTURA-2-768x385.jpg 768w\" sizes=\"(max-width: 915px) 100vw, 915px\" \/><\/figure>\n\n\n\n<figure class=\"wp-block-image size-full is-resized\"><img decoding=\"async\" loading=\"lazy\" src=\"https:\/\/ealujan-bue.infd.edu.ar\/sitio\/wp-content\/uploads\/2023\/11\/ESTRUCTURA-3.jpg\" alt=\"\" class=\"wp-image-4508\" width=\"930\" height=\"467\" srcset=\"https:\/\/ealujan-bue.infd.edu.ar\/sitio\/wp-content\/uploads\/2023\/11\/ESTRUCTURA-3.jpg 783w, https:\/\/ealujan-bue.infd.edu.ar\/sitio\/wp-content\/uploads\/2023\/11\/ESTRUCTURA-3-768x385.jpg 768w\" sizes=\"(max-width: 930px) 100vw, 930px\" \/><\/figure>\n\n\n\n<figure class=\"wp-block-image size-full is-resized\"><img decoding=\"async\" loading=\"lazy\" src=\"https:\/\/ealujan-bue.infd.edu.ar\/sitio\/wp-content\/uploads\/2023\/11\/ESTRUCTURA-4.jpg\" alt=\"\" class=\"wp-image-4509\" width=\"984\" height=\"494\" srcset=\"https:\/\/ealujan-bue.infd.edu.ar\/sitio\/wp-content\/uploads\/2023\/11\/ESTRUCTURA-4.jpg 783w, https:\/\/ealujan-bue.infd.edu.ar\/sitio\/wp-content\/uploads\/2023\/11\/ESTRUCTURA-4-768x385.jpg 768w\" sizes=\"(max-width: 984px) 100vw, 984px\" \/><\/figure>\n","protected":false},"excerpt":{"rendered":"<p>ANEXO IV Profesorado de INSTRUMENTO EN M\u00daSICA POPULARResoluci\u00f3n N\u00ba 13234\/99 PROFESORADO EN M\u00daSICA(Orientaci\u00f3n INSTRUMENTO \u2013 CANTO en M\u00daSICA POPULAR) DURACI\u00d3NCUATRO (4) A\u00d1OSREQUISITOS DE INGRESONIVEL MEDIO O POLIMODAL COMPLETOFORMACI\u00d3N B\u00c1SICA EN M\u00daSICA POPULAR COMPLETO T\u00cdTULOProfesor en M\u00fasica (Orientaci\u00f3n Instrumento \u2013 Canto (M\u00fasica Popular)<\/p>\n","protected":false},"author":337,"featured_media":0,"parent":0,"menu_order":0,"comment_status":"closed","ping_status":"closed","template":"","meta":[],"acf":[],"_links":{"self":[{"href":"https:\/\/ealujan-bue.infd.edu.ar\/sitio\/wp-json\/wp\/v2\/pages\/4505"}],"collection":[{"href":"https:\/\/ealujan-bue.infd.edu.ar\/sitio\/wp-json\/wp\/v2\/pages"}],"about":[{"href":"https:\/\/ealujan-bue.infd.edu.ar\/sitio\/wp-json\/wp\/v2\/types\/page"}],"author":[{"embeddable":true,"href":"https:\/\/ealujan-bue.infd.edu.ar\/sitio\/wp-json\/wp\/v2\/users\/337"}],"replies":[{"embeddable":true,"href":"https:\/\/ealujan-bue.infd.edu.ar\/sitio\/wp-json\/wp\/v2\/comments?post=4505"}],"version-history":[{"count":3,"href":"https:\/\/ealujan-bue.infd.edu.ar\/sitio\/wp-json\/wp\/v2\/pages\/4505\/revisions"}],"predecessor-version":[{"id":4513,"href":"https:\/\/ealujan-bue.infd.edu.ar\/sitio\/wp-json\/wp\/v2\/pages\/4505\/revisions\/4513"}],"wp:attachment":[{"href":"https:\/\/ealujan-bue.infd.edu.ar\/sitio\/wp-json\/wp\/v2\/media?parent=4505"}],"curies":[{"name":"wp","href":"https:\/\/api.w.org\/{rel}","templated":true}]}}